{"id":327,"date":"2020-10-31T19:12:49","date_gmt":"2020-10-31T18:12:49","guid":{"rendered":"https:\/\/www.mariontschmelak.de\/wordpress\/?page_id=327"},"modified":"2021-02-15T13:57:30","modified_gmt":"2021-02-15T12:57:30","slug":"symbolum-und-archetypus","status":"publish","type":"page","link":"https:\/\/www.mariontschmelak.de\/wordpress\/meine-buecher\/symbolum-und-archetypus\/","title":{"rendered":"Symbolum und Archetypus"},"content":{"rendered":"\t\t<div data-elementor-type=\"wp-page\" data-elementor-id=\"327\" class=\"elementor elementor-327\">\n\t\t\t\t\t\t<div class=\"elementor-inner\">\n\t\t\t\t<div class=\"elementor-section-wrap\">\n\t\t\t\t\t\t\t\t\t<section class=\"elementor-section elementor-top-section elementor-element elementor-element-8e39e80 elementor-section-boxed elementor-section-height-default elementor-section-height-default\" data-id=\"8e39e80\" data-element_type=\"section\">\n\t\t\t\t\t\t<div class=\"elementor-container elementor-column-gap-default\">\n\t\t\t\t\t\t\t<div class=\"elementor-row\">\n\t\t\t\t\t<div class=\"elementor-column elementor-col-100 elementor-top-column elementor-element elementor-element-69dca77\" data-id=\"69dca77\" data-element_type=\"column\">\n\t\t\t<div class=\"elementor-column-wrap elementor-element-populated\">\n\t\t\t\t\t\t\t<div class=\"elementor-widget-wrap\">\n\t\t\t\t\t\t<div class=\"elementor-element elementor-element-c931ea5 elementor-widget elementor-widget-text-editor\" data-id=\"c931ea5\" data-element_type=\"widget\" data-widget_type=\"text-editor.default\">\n\t\t\t\t<div class=\"elementor-widget-container\">\n\t\t\t\t\t\t\t\t<div class=\"elementor-text-editor elementor-clearfix\">\n\t\t\t\t<h5><span style=\"color: #800000;\"><strong>Leseprobe\u00a0<\/strong><\/span><\/h5><p>&#8222;Dann will ich ihnen von Mala erz\u00e4hlen, einem zierlichen und sch\u00fcchternen Kr\u00e4merm\u00e4dchen. Sie war gerade einmal acht Jahre alt und hatte zottiges, rotblondes Haar, das gerade an ihre kleinen Schultern heranreichte. Sie trug eine schmutzige Hose und ein zerschlissenes Hemd, das man schon als Kleid bezeichnen konnte. Das verwilderte Stra\u00dfenkind trieb sich schon seit vielen Wochen allein und heimatlos herum und hatte seine Sch\u00fcchternheit noch immer nicht \u00fcberwinden k\u00f6nnen. Mit seinen feinen Gliedern schien es den Kr\u00e4mern eher im Weg zu stehen als ihnen n\u00fctzlich zu sein. Es hatte noch immer nichts Listiges an sich, wie es sich Stra\u00dfenkinder normalerweise schnell angew\u00f6hnt hatten. Mala trug aber schon die Widerspr\u00fcchlichkeit von Heimatlosigkeit und Freiheit, von Schutzlosigkeit und wilder, ungez\u00e4hmter Ungebundenheit in sich. Sie war f\u00fcr ein Kr\u00e4merkind handwerklich ungew\u00f6hnlich unbegabt, aber sie hatte wache Augen und einen wissbegierigen Geist. Nur hatte ihr diese Wissbegier noch nicht viel genutzt. Doch sie sollte gleich eine andere Erfahrung machen.&#8220;<\/p><p><span style=\"color: #000000;\">Aus der Geschichte <i>Stra\u00dfenkinder<\/i><\/span><\/p>\t\t\t\t\t<\/div>\n\t\t\t\t\t\t<\/div>\n\t\t\t\t<\/div>\n\t\t\t\t\t\t<\/div>\n\t\t\t\t\t<\/div>\n\t\t<\/div>\n\t\t\t\t\t\t\t\t<\/div>\n\t\t\t\t\t<\/div>\n\t\t<\/section>\n\t\t\t\t\t\t\t\t\t<\/div>\n\t\t\t<\/div>\n\t\t\t\t\t<\/div>\n\t\t","protected":false},"excerpt":{"rendered":"<p>Leseprobe\u00a0 &#8222;Dann will ich ihnen von Mala erz\u00e4hlen, einem zierlichen und sch\u00fcchternen Kr\u00e4merm\u00e4dchen. Sie war gerade einmal acht Jahre alt und hatte zottiges, rotblondes Haar, das gerade an ihre kleinen Schultern heranreichte. Sie trug eine schmutzige Hose und ein zerschlissenes Hemd, das man schon als Kleid bezeichnen konnte. Das verwilderte Stra\u00dfenkind trieb sich schon seit &hellip;<\/p>\n<p class=\"read-more\"> <a class=\"\" href=\"https:\/\/www.mariontschmelak.de\/wordpress\/meine-buecher\/symbolum-und-archetypus\/\"> <span class=\"screen-reader-text\">Symbolum und Archetypus<\/span> Weiterlesen &raquo;<\/a><\/p>\n","protected":false},"author":1,"featured_media":0,"parent":86,"menu_order":0,"comment_status":"closed","ping_status":"closed","template":"","meta":{"site-sidebar-layout":"no-sidebar","site-content-layout":"page-builder","ast-main-header-display":"","ast-hfb-above-header-display":"","ast-hfb-below-header-display":"","ast-hfb-mobile-header-display":"","site-post-title":"disabled","ast-breadcrumbs-content":"","ast-featured-img":"disabled","footer-sml-layout":"","theme-transparent-header-meta":"default","adv-header-id-meta":"","stick-header-meta":"","header-above-stick-meta":"","header-main-stick-meta":"","header-below-stick-meta":""},"_links":{"self":[{"href":"https:\/\/www.mariontschmelak.de\/wordpress\/wp-json\/wp\/v2\/pages\/327"}],"collection":[{"href":"https:\/\/www.mariontschmelak.de\/wordpress\/wp-json\/wp\/v2\/pages"}],"about":[{"href":"https:\/\/www.mariontschmelak.de\/wordpress\/wp-json\/wp\/v2\/types\/page"}],"author":[{"embeddable":true,"href":"https:\/\/www.mariontschmelak.de\/wordpress\/wp-json\/wp\/v2\/users\/1"}],"replies":[{"embeddable":true,"href":"https:\/\/www.mariontschmelak.de\/wordpress\/wp-json\/wp\/v2\/comments?post=327"}],"version-history":[{"count":21,"href":"https:\/\/www.mariontschmelak.de\/wordpress\/wp-json\/wp\/v2\/pages\/327\/revisions"}],"predecessor-version":[{"id":1473,"href":"https:\/\/www.mariontschmelak.de\/wordpress\/wp-json\/wp\/v2\/pages\/327\/revisions\/1473"}],"up":[{"embeddable":true,"href":"https:\/\/www.mariontschmelak.de\/wordpress\/wp-json\/wp\/v2\/pages\/86"}],"wp:attachment":[{"href":"https:\/\/www.mariontschmelak.de\/wordpress\/wp-json\/wp\/v2\/media?parent=327"}],"curies":[{"name":"wp","href":"https:\/\/api.w.org\/{rel}","templated":true}]}}