{"id":435,"date":"2020-11-03T18:30:24","date_gmt":"2020-11-03T17:30:24","guid":{"rendered":"https:\/\/www.mariontschmelak.de\/wordpress\/?page_id=435"},"modified":"2021-02-18T08:20:06","modified_gmt":"2021-02-18T07:20:06","slug":"spirituell","status":"publish","type":"page","link":"https:\/\/www.mariontschmelak.de\/wordpress\/meine-themen\/spirituell\/","title":{"rendered":"Spirituell"},"content":{"rendered":"\t\t<div data-elementor-type=\"wp-page\" data-elementor-id=\"435\" class=\"elementor elementor-435\">\n\t\t\t\t\t\t<div class=\"elementor-inner\">\n\t\t\t\t<div class=\"elementor-section-wrap\">\n\t\t\t\t\t\t\t\t\t<section class=\"elementor-section elementor-top-section elementor-element elementor-element-00d474b elementor-section-boxed elementor-section-height-default elementor-section-height-default\" data-id=\"00d474b\" data-element_type=\"section\">\n\t\t\t\t\t\t<div class=\"elementor-container elementor-column-gap-default\">\n\t\t\t\t\t\t\t<div class=\"elementor-row\">\n\t\t\t\t\t<div class=\"elementor-column elementor-col-100 elementor-top-column elementor-element elementor-element-2d54aa5\" data-id=\"2d54aa5\" data-element_type=\"column\">\n\t\t\t<div class=\"elementor-column-wrap elementor-element-populated\">\n\t\t\t\t\t\t\t<div class=\"elementor-widget-wrap\">\n\t\t\t\t\t\t<div class=\"elementor-element elementor-element-d59979f elementor-widget elementor-widget-spacer\" data-id=\"d59979f\" data-element_type=\"widget\" data-widget_type=\"spacer.default\">\n\t\t\t\t<div class=\"elementor-widget-container\">\n\t\t\t\t\t<div class=\"elementor-spacer\">\n\t\t\t<div class=\"elementor-spacer-inner\"><\/div>\n\t\t<\/div>\n\t\t\t\t<\/div>\n\t\t\t\t<\/div>\n\t\t\t\t\t\t<\/div>\n\t\t\t\t\t<\/div>\n\t\t<\/div>\n\t\t\t\t\t\t\t\t<\/div>\n\t\t\t\t\t<\/div>\n\t\t<\/section>\n\t\t\t\t<section class=\"elementor-section elementor-top-section elementor-element elementor-element-5d3096d elementor-section-boxed elementor-section-height-default elementor-section-height-default\" data-id=\"5d3096d\" data-element_type=\"section\">\n\t\t\t\t\t\t<div class=\"elementor-container elementor-column-gap-default\">\n\t\t\t\t\t\t\t<div class=\"elementor-row\">\n\t\t\t\t\t<div class=\"elementor-column elementor-col-100 elementor-top-column elementor-element elementor-element-eecdd58\" data-id=\"eecdd58\" data-element_type=\"column\">\n\t\t\t<div class=\"elementor-column-wrap elementor-element-populated\">\n\t\t\t\t\t\t\t<div class=\"elementor-widget-wrap\">\n\t\t\t\t\t\t<div class=\"elementor-element elementor-element-dc4bc2b elementor-widget elementor-widget-text-editor\" data-id=\"dc4bc2b\" data-element_type=\"widget\" data-widget_type=\"text-editor.default\">\n\t\t\t\t<div class=\"elementor-widget-container\">\n\t\t\t\t\t\t\t\t<div class=\"elementor-text-editor elementor-clearfix\">\n\t\t\t\t<p style=\"text-align: center;\"><span style=\"color: #7e0d0d;\">Darum streute ich die Saat der Weisheit aus<br \/>Und pflegte sie mit eigenen H\u00e4nden<br \/>Doch dies ist alles, was mir blieb als Ernte:<br \/>Ich kam als Wasser und verhauch als Wind.<br \/>Ich kam zur Welt, wei\u00df nicht woher<br \/>Muss wie das Wasser flie\u00dfen<br \/>Und sie als Wind verlassen,<br \/>Wei\u00df nicht wohin &#8211; ich wehe mit.<\/span><\/p><p style=\"margin: 0cm 0cm 0.0001pt; background: white; text-align: center;\"><span style=\"font-size: 10.0pt;\">Omar Khayyam<\/span><\/p>\t\t\t\t\t<\/div>\n\t\t\t\t\t\t<\/div>\n\t\t\t\t<\/div>\n\t\t\t\t<div class=\"elementor-element elementor-element-316d410 elementor-widget elementor-widget-text-editor\" data-id=\"316d410\" data-element_type=\"widget\" data-widget_type=\"text-editor.default\">\n\t\t\t\t<div class=\"elementor-widget-container\">\n\t\t\t\t\t\t\t\t<div class=\"elementor-text-editor elementor-clearfix\">\n\t\t\t\t<h5>Ich-Transformation zu einem holistischen Bewusstsein ist eine m\u00f6gliche naturgem\u00e4\u00dfe Weiterentwicklung des Geistes. Ein mit einem Ich-Bewusstsein ausgestattetes menschliches Wesen findet seinen rechten Platz in der kosmischen Ordnung. Es strebt nach harmonischer Einordnung, nicht nach ungeb\u00e4ndigter Ausbreitung.<\/h5><h5>Zum zuvor entwickelten Maskulinen Prinzip \u2013 einem willensstarken Ich \u2013 gesellt sich als ebenb\u00fcrtige Partnerin das Feminine Prinzip als Intuition hinzu. Es holt die Bedeutung des Beziehungsgef\u00fcges ins Bewusstsein. Von nun an ber\u00fccksichtigt ein menschliches Wesen Systemisches. Gegens\u00e4tzliches Denken dominiert nicht weiter die eigenen Verhaltens- und Denkmuster. Das rechte Ma\u00df in allen Lebensbereichen zu finden, entwickelt sich zur Lebensphilosophie.<br \/>Ein prophetischer Philosoph zu sein, bedeutet in diesem Zusammenhang einer vereinenden und befriedenden Sprache kundig und zu vorausschauendem Denken f\u00e4hig zu sein.\u00a0<\/h5>\t\t\t\t\t<\/div>\n\t\t\t\t\t\t<\/div>\n\t\t\t\t<\/div>\n\t\t\t\t\t\t<\/div>\n\t\t\t\t\t<\/div>\n\t\t<\/div>\n\t\t\t\t\t\t\t\t<\/div>\n\t\t\t\t\t<\/div>\n\t\t<\/section>\n\t\t\t\t<section class=\"elementor-section elementor-top-section elementor-element elementor-element-988ce44 elementor-section-height-min-height elementor-section-boxed elementor-section-height-default elementor-section-items-middle\" data-id=\"988ce44\" data-element_type=\"section\">\n\t\t\t\t\t\t<div class=\"elementor-container elementor-column-gap-default\">\n\t\t\t\t\t\t\t<div class=\"elementor-row\">\n\t\t\t\t\t<div class=\"elementor-column elementor-col-100 elementor-top-column elementor-element elementor-element-1b2b4b3\" data-id=\"1b2b4b3\" data-element_type=\"column\">\n\t\t\t<div class=\"elementor-column-wrap\">\n\t\t\t\t\t\t\t<div class=\"elementor-widget-wrap\">\n\t\t\t\t\t\t\t\t<\/div>\n\t\t\t\t\t<\/div>\n\t\t<\/div>\n\t\t\t\t\t\t\t\t<\/div>\n\t\t\t\t\t<\/div>\n\t\t<\/section>\n\t\t\t\t\t\t\t\t\t<\/div>\n\t\t\t<\/div>\n\t\t\t\t\t<\/div>\n\t\t","protected":false},"excerpt":{"rendered":"<p>Darum streute ich die Saat der Weisheit ausUnd pflegte sie mit eigenen H\u00e4ndenDoch dies ist alles, was mir blieb als Ernte:Ich kam als Wasser und verhauch als Wind.Ich kam zur Welt, wei\u00df nicht woherMuss wie das Wasser flie\u00dfenUnd sie als Wind verlassen,Wei\u00df nicht wohin &#8211; ich wehe mit. Omar Khayyam Ich-Transformation zu einem holistischen Bewusstsein &hellip;<\/p>\n<p class=\"read-more\"> <a class=\"\" href=\"https:\/\/www.mariontschmelak.de\/wordpress\/meine-themen\/spirituell\/\"> <span class=\"screen-reader-text\">Spirituell<\/span> Weiterlesen &raquo;<\/a><\/p>\n","protected":false},"author":1,"featured_media":0,"parent":153,"menu_order":0,"comment_status":"closed","ping_status":"closed","template":"","meta":{"site-sidebar-layout":"no-sidebar","site-content-layout":"page-builder","ast-main-header-display":"","ast-hfb-above-header-display":"","ast-hfb-below-header-display":"","ast-hfb-mobile-header-display":"","site-post-title":"disabled","ast-breadcrumbs-content":"","ast-featured-img":"disabled","footer-sml-layout":"","theme-transparent-header-meta":"default","adv-header-id-meta":"","stick-header-meta":"","header-above-stick-meta":"","header-main-stick-meta":"","header-below-stick-meta":""},"_links":{"self":[{"href":"https:\/\/www.mariontschmelak.de\/wordpress\/wp-json\/wp\/v2\/pages\/435"}],"collection":[{"href":"https:\/\/www.mariontschmelak.de\/wordpress\/wp-json\/wp\/v2\/pages"}],"about":[{"href":"https:\/\/www.mariontschmelak.de\/wordpress\/wp-json\/wp\/v2\/types\/page"}],"author":[{"embeddable":true,"href":"https:\/\/www.mariontschmelak.de\/wordpress\/wp-json\/wp\/v2\/users\/1"}],"replies":[{"embeddable":true,"href":"https:\/\/www.mariontschmelak.de\/wordpress\/wp-json\/wp\/v2\/comments?post=435"}],"version-history":[{"count":42,"href":"https:\/\/www.mariontschmelak.de\/wordpress\/wp-json\/wp\/v2\/pages\/435\/revisions"}],"predecessor-version":[{"id":1704,"href":"https:\/\/www.mariontschmelak.de\/wordpress\/wp-json\/wp\/v2\/pages\/435\/revisions\/1704"}],"up":[{"embeddable":true,"href":"https:\/\/www.mariontschmelak.de\/wordpress\/wp-json\/wp\/v2\/pages\/153"}],"wp:attachment":[{"href":"https:\/\/www.mariontschmelak.de\/wordpress\/wp-json\/wp\/v2\/media?parent=435"}],"curies":[{"name":"wp","href":"https:\/\/api.w.org\/{rel}","templated":true}]}}