{"id":447,"date":"2020-11-03T18:51:54","date_gmt":"2020-11-03T17:51:54","guid":{"rendered":"https:\/\/www.mariontschmelak.de\/wordpress\/?page_id=447"},"modified":"2021-02-18T08:08:54","modified_gmt":"2021-02-18T07:08:54","slug":"human","status":"publish","type":"page","link":"https:\/\/www.mariontschmelak.de\/wordpress\/meine-themen\/human\/","title":{"rendered":"Human"},"content":{"rendered":"\t\t<div data-elementor-type=\"wp-page\" data-elementor-id=\"447\" class=\"elementor elementor-447\">\n\t\t\t\t\t\t<div class=\"elementor-inner\">\n\t\t\t\t<div class=\"elementor-section-wrap\">\n\t\t\t\t\t\t\t\t\t<section class=\"elementor-section elementor-top-section elementor-element elementor-element-1454be2 elementor-section-boxed elementor-section-height-default elementor-section-height-default\" data-id=\"1454be2\" data-element_type=\"section\">\n\t\t\t\t\t\t<div class=\"elementor-container elementor-column-gap-default\">\n\t\t\t\t\t\t\t<div class=\"elementor-row\">\n\t\t\t\t\t<div class=\"elementor-column elementor-col-100 elementor-top-column elementor-element elementor-element-b4b6bd3\" data-id=\"b4b6bd3\" data-element_type=\"column\">\n\t\t\t<div class=\"elementor-column-wrap elementor-element-populated\">\n\t\t\t\t\t\t\t<div class=\"elementor-widget-wrap\">\n\t\t\t\t\t\t<div class=\"elementor-element elementor-element-f83092b elementor-widget elementor-widget-spacer\" data-id=\"f83092b\" data-element_type=\"widget\" data-widget_type=\"spacer.default\">\n\t\t\t\t<div class=\"elementor-widget-container\">\n\t\t\t\t\t<div class=\"elementor-spacer\">\n\t\t\t<div class=\"elementor-spacer-inner\"><\/div>\n\t\t<\/div>\n\t\t\t\t<\/div>\n\t\t\t\t<\/div>\n\t\t\t\t\t\t<\/div>\n\t\t\t\t\t<\/div>\n\t\t<\/div>\n\t\t\t\t\t\t\t\t<\/div>\n\t\t\t\t\t<\/div>\n\t\t<\/section>\n\t\t\t\t<section class=\"elementor-section elementor-top-section elementor-element elementor-element-2aec7b6 elementor-section-boxed elementor-section-height-default elementor-section-height-default\" data-id=\"2aec7b6\" data-element_type=\"section\">\n\t\t\t\t\t\t<div class=\"elementor-container elementor-column-gap-default\">\n\t\t\t\t\t\t\t<div class=\"elementor-row\">\n\t\t\t\t\t<div class=\"elementor-column elementor-col-100 elementor-top-column elementor-element elementor-element-3b629ca\" data-id=\"3b629ca\" data-element_type=\"column\">\n\t\t\t<div class=\"elementor-column-wrap elementor-element-populated\">\n\t\t\t\t\t\t\t<div class=\"elementor-widget-wrap\">\n\t\t\t\t\t\t<div class=\"elementor-element elementor-element-5c0fd98 elementor-widget elementor-widget-text-editor\" data-id=\"5c0fd98\" data-element_type=\"widget\" data-widget_type=\"text-editor.default\">\n\t\t\t\t<div class=\"elementor-widget-container\">\n\t\t\t\t\t\t\t\t<div class=\"elementor-text-editor elementor-clearfix\">\n\t\t\t\t<p style=\"text-align: center;\">&#8222;Es ist eine bittere Erkenntnis f\u00fcr den Betrachter unserer Zeit (&#8230;),<br \/>dass die edelste Frucht des Verstandes (und des Herzens)<br \/>bisher der Menschheit g\u00e4nzlich entgangen ist:<br \/>der ausgewogene Mensch in einer ausgewogenen Gesellschaft.&#8220;<\/p><p style=\"background: white; margin: 14.4pt 0cm; text-align: center;\"><span style=\"font-size: 10pt;\">Sir Yehudi Menuhin<\/span><\/p><p style=\"margin: 0cm 0cm 0.0001pt; background-image: initial; background-position: initial; background-size: initial; background-repeat: initial; background-attachment: initial; background-origin: initial; background-clip: initial;\">\u00a0<\/p>\t\t\t\t\t<\/div>\n\t\t\t\t\t\t<\/div>\n\t\t\t\t<\/div>\n\t\t\t\t\t\t<\/div>\n\t\t\t\t\t<\/div>\n\t\t<\/div>\n\t\t\t\t\t\t\t\t<\/div>\n\t\t\t\t\t<\/div>\n\t\t<\/section>\n\t\t\t\t<section class=\"elementor-section elementor-top-section elementor-element elementor-element-c595134 elementor-section-boxed elementor-section-height-default elementor-section-height-default\" data-id=\"c595134\" data-element_type=\"section\">\n\t\t\t\t\t\t<div class=\"elementor-container elementor-column-gap-default\">\n\t\t\t\t\t\t\t<div class=\"elementor-row\">\n\t\t\t\t\t<div class=\"elementor-column elementor-col-100 elementor-top-column elementor-element elementor-element-380e402\" data-id=\"380e402\" data-element_type=\"column\">\n\t\t\t<div class=\"elementor-column-wrap elementor-element-populated\">\n\t\t\t\t\t\t\t<div class=\"elementor-widget-wrap\">\n\t\t\t\t\t\t<div class=\"elementor-element elementor-element-69183ab elementor-widget elementor-widget-text-editor\" data-id=\"69183ab\" data-element_type=\"widget\" data-widget_type=\"text-editor.default\">\n\t\t\t\t<div class=\"elementor-widget-container\">\n\t\t\t\t\t\t\t\t<div class=\"elementor-text-editor elementor-clearfix\">\n\t\t\t\t<h5>Mensch zu sein, ist dies in unserer heutigen Zeit genug? Ich denke nicht. Wir sind auch herausgefordert, Mensch zu werden. Doch was bedeutet Menschwerdung?<\/h5>\n<h5>Bildung ist daf\u00fcr eine wichtige Komponente. Sie stellt jedoch nicht einfach eine Ansammlung von Wissen dar. Die feinere, h\u00f6here Bildung ist in erster Linie eine Charakterbildung. Dazu geh\u00f6rt auch die F\u00e4higkeit zur Reflexion, zur Sublimierung, zur Empathie.<\/h5>\n<h5>In unserem Sozialgef\u00fcge ist die Art der Existenz des Einzelnen abh\u00e4ngig von den M\u00f6glichkeiten, die ihm eine Gesellschaftsstruktur bietet. Werden diese einem Individuum nicht ausreichend zur Verf\u00fcgung gestellt, kann Leben schnell existentiell bedrohlich werden. \u00dcberleben allein ist nicht genug. Vielf\u00e4ltiges Potential geht einer Gesellschaft damit verloren.<\/h5>\n<h5>Die Erf\u00fcllung der Grundbed\u00fcrfnisse wie Wohnen, Nahrung und Teilhabe in unserer technologisch fortgeschrittenen Gesellschaft nicht dem Individuum allein zu \u00fcberlassen, kann sich als f\u00f6rderlich f\u00fcr individuelles humanes Verhalten erweisen. In dem Gef\u00fchl existentieller Absicherung, als Grundrecht anerkannt, ist es dem Menschen m\u00f6glich, sich seiner inneren Menschwerdung zu widmen.<\/h5>\n<h5>Ein sich selbst bewusster und von ethischen Grundprinzipien geleiteter Mensch ist bef\u00e4higt, sich mit seinem ganzen Potential f\u00f6rdernd und befriedend in die Gesellschaft einzubringen.&nbsp;<\/h5>\t\t\t\t\t<\/div>\n\t\t\t\t\t\t<\/div>\n\t\t\t\t<\/div>\n\t\t\t\t\t\t<\/div>\n\t\t\t\t\t<\/div>\n\t\t<\/div>\n\t\t\t\t\t\t\t\t<\/div>\n\t\t\t\t\t<\/div>\n\t\t<\/section>\n\t\t\t\t\t\t\t\t\t<\/div>\n\t\t\t<\/div>\n\t\t\t\t\t<\/div>\n\t\t","protected":false},"excerpt":{"rendered":"<p>&#8222;Es ist eine bittere Erkenntnis f\u00fcr den Betrachter unserer Zeit (&#8230;),dass die edelste Frucht des Verstandes (und des Herzens)bisher der Menschheit g\u00e4nzlich entgangen ist:der ausgewogene Mensch in einer ausgewogenen Gesellschaft.&#8220; Sir Yehudi Menuhin \u00a0 Mensch zu sein, ist dies in unserer heutigen Zeit genug? Ich denke nicht. Wir sind auch herausgefordert, Mensch zu werden. Doch &hellip;<\/p>\n<p class=\"read-more\"> <a class=\"\" href=\"https:\/\/www.mariontschmelak.de\/wordpress\/meine-themen\/human\/\"> <span class=\"screen-reader-text\">Human<\/span> Weiterlesen &raquo;<\/a><\/p>\n","protected":false},"author":1,"featured_media":0,"parent":153,"menu_order":0,"comment_status":"closed","ping_status":"closed","template":"","meta":{"site-sidebar-layout":"no-sidebar","site-content-layout":"page-builder","ast-main-header-display":"","ast-hfb-above-header-display":"","ast-hfb-below-header-display":"","ast-hfb-mobile-header-display":"","site-post-title":"disabled","ast-breadcrumbs-content":"","ast-featured-img":"disabled","footer-sml-layout":"","theme-transparent-header-meta":"default","adv-header-id-meta":"","stick-header-meta":"","header-above-stick-meta":"","header-main-stick-meta":"","header-below-stick-meta":""},"_links":{"self":[{"href":"https:\/\/www.mariontschmelak.de\/wordpress\/wp-json\/wp\/v2\/pages\/447"}],"collection":[{"href":"https:\/\/www.mariontschmelak.de\/wordpress\/wp-json\/wp\/v2\/pages"}],"about":[{"href":"https:\/\/www.mariontschmelak.de\/wordpress\/wp-json\/wp\/v2\/types\/page"}],"author":[{"embeddable":true,"href":"https:\/\/www.mariontschmelak.de\/wordpress\/wp-json\/wp\/v2\/users\/1"}],"replies":[{"embeddable":true,"href":"https:\/\/www.mariontschmelak.de\/wordpress\/wp-json\/wp\/v2\/comments?post=447"}],"version-history":[{"count":25,"href":"https:\/\/www.mariontschmelak.de\/wordpress\/wp-json\/wp\/v2\/pages\/447\/revisions"}],"predecessor-version":[{"id":1670,"href":"https:\/\/www.mariontschmelak.de\/wordpress\/wp-json\/wp\/v2\/pages\/447\/revisions\/1670"}],"up":[{"embeddable":true,"href":"https:\/\/www.mariontschmelak.de\/wordpress\/wp-json\/wp\/v2\/pages\/153"}],"wp:attachment":[{"href":"https:\/\/www.mariontschmelak.de\/wordpress\/wp-json\/wp\/v2\/media?parent=447"}],"curies":[{"name":"wp","href":"https:\/\/api.w.org\/{rel}","templated":true}]}}